{"id":22437,"date":"2021-02-21T12:21:18","date_gmt":"2021-02-21T12:21:18","guid":{"rendered":"https:\/\/staging.leitariadaquintadopaco.com\/?post_type=product&#038;p=22437"},"modified":"2022-06-06T22:28:12","modified_gmt":"2022-06-06T21:28:12","slug":"vela-aniversario","status":"publish","type":"product","link":"https:\/\/leitariadaquintadopaco.com\/braga\/produtos\/vela-aniversario\/","title":{"rendered":"VELA ANIVERS\u00c1RIO"},"content":{"rendered":"","protected":false},"excerpt":{"rendered":"<p>Vela anivers\u00e1rio vermelha (5.5cm)<\/p>\n<p>Dispon\u00edvel do 0 ao 9<\/p>\n<p>Pre\u00e7o por unidade<\/p>\n<p>Indique o n\u00famero da vela que pretende na coluna &#8220;Informa\u00e7\u00e3o Adicional&#8221; na p\u00e1gina &#8220;Finalizar Compra&#8221;<\/p>\n","protected":false},"featured_media":22443,"comment_status":"open","ping_status":"closed","template":"","meta":[],"product_brand":[],"product_cat":[331],"product_tag":[359,360,323],"class_list":{"0":"post-22437","1":"product","2":"type-product","3":"status-publish","4":"has-post-thumbnail","6":"product_cat-bolos","7":"product_tag-bolo","8":"product_tag-limao","9":"product_tag-lqp","10":"pa_tamanho-grande","11":"pa_tamanho-normal","12":"pa_tamanho-pequeno","13":"pa_tamanho-xx-large","15":"first","16":"instock","17":"shipping-taxable","18":"purchasable","19":"product-type-simple"},"_links":{"self":[{"href":"https:\/\/leitariadaquintadopaco.com\/braga\/wp-json\/wp\/v2\/product\/22437","targetHints":{"allow":["GET"]}}],"collection":[{"href":"https:\/\/leitariadaquintadopaco.com\/braga\/wp-json\/wp\/v2\/product"}],"about":[{"href":"https:\/\/leitariadaquintadopaco.com\/braga\/wp-json\/wp\/v2\/types\/product"}],"replies":[{"embeddable":true,"href":"https:\/\/leitariadaquintadopaco.com\/braga\/wp-json\/wp\/v2\/comments?post=22437"}],"wp:featuredmedia":[{"embeddable":true,"href":"https:\/\/leitariadaquintadopaco.com\/braga\/wp-json\/wp\/v2\/media\/22443"}],"wp:attachment":[{"href":"https:\/\/leitariadaquintadopaco.com\/braga\/wp-json\/wp\/v2\/media?parent=22437"}],"wp:term":[{"taxonomy":"product_brand","embeddable":true,"href":"https:\/\/leitariadaquintadopaco.com\/braga\/wp-json\/wp\/v2\/product_brand?post=22437"},{"taxonomy":"product_cat","embeddable":true,"href":"https:\/\/leitariadaquintadopaco.com\/braga\/wp-json\/wp\/v2\/product_cat?post=22437"},{"taxonomy":"product_tag","embeddable":true,"href":"https:\/\/leitariadaquintadopaco.com\/braga\/wp-json\/wp\/v2\/product_tag?post=22437"}],"curies":[{"name":"wp","href":"https:\/\/api.w.org\/{rel}","templated":true}]}}