{"id":12376,"date":"2019-06-05T19:05:58","date_gmt":"2019-06-05T18:05:58","guid":{"rendered":"https:\/\/staging.leitariadaquintadopaco.com\/?post_type=product&#038;p=12376"},"modified":"2026-02-03T15:47:34","modified_gmt":"2026-02-03T15:47:34","slug":"eclair-letras-classico","status":"publish","type":"product","link":"https:\/\/leitariadaquintadopaco.com\/lisboa\/produtos\/eclair-letras-classico\/","title":{"rendered":"\u00c9CLAIR LETRAS CL\u00c1SSICO"},"content":{"rendered":"<p>Por favor encomendar com 15 dias de anteced\u00eancia da data de entrega pretendida.<\/p>\n","protected":false},"excerpt":{"rendered":"<p>Letra com 30cm Altura, recheada com chantilly artesanal e cobertura cl\u00e1ssica.<\/p>\n","protected":false},"featured_media":23629,"comment_status":"open","ping_status":"closed","template":"","meta":[],"product_brand":[],"product_cat":[331,375],"product_tag":[],"class_list":{"0":"post-12376","1":"product","2":"type-product","3":"status-publish","4":"has-post-thumbnail","6":"product_cat-bolos","7":"product_cat-bolos-xxl-numeros-letras","9":"first","10":"onbackorder","11":"shipping-taxable","12":"purchasable","13":"product-type-simple"},"_links":{"self":[{"href":"https:\/\/leitariadaquintadopaco.com\/lisboa\/wp-json\/wp\/v2\/product\/12376","targetHints":{"allow":["GET"]}}],"collection":[{"href":"https:\/\/leitariadaquintadopaco.com\/lisboa\/wp-json\/wp\/v2\/product"}],"about":[{"href":"https:\/\/leitariadaquintadopaco.com\/lisboa\/wp-json\/wp\/v2\/types\/product"}],"replies":[{"embeddable":true,"href":"https:\/\/leitariadaquintadopaco.com\/lisboa\/wp-json\/wp\/v2\/comments?post=12376"}],"wp:featuredmedia":[{"embeddable":true,"href":"https:\/\/leitariadaquintadopaco.com\/lisboa\/wp-json\/wp\/v2\/media\/23629"}],"wp:attachment":[{"href":"https:\/\/leitariadaquintadopaco.com\/lisboa\/wp-json\/wp\/v2\/media?parent=12376"}],"wp:term":[{"taxonomy":"product_brand","embeddable":true,"href":"https:\/\/leitariadaquintadopaco.com\/lisboa\/wp-json\/wp\/v2\/product_brand?post=12376"},{"taxonomy":"product_cat","embeddable":true,"href":"https:\/\/leitariadaquintadopaco.com\/lisboa\/wp-json\/wp\/v2\/product_cat?post=12376"},{"taxonomy":"product_tag","embeddable":true,"href":"https:\/\/leitariadaquintadopaco.com\/lisboa\/wp-json\/wp\/v2\/product_tag?post=12376"}],"curies":[{"name":"wp","href":"https:\/\/api.w.org\/{rel}","templated":true}]}}