{"id":27675,"date":"2026-01-02T11:35:50","date_gmt":"2026-01-02T11:35:50","guid":{"rendered":"https:\/\/leitariadaquintadopaco.com\/lisboa\/?post_type=product&#038;p=27675"},"modified":"2026-02-03T15:34:50","modified_gmt":"2026-02-03T15:34:50","slug":"bolo-limao-e-coco","status":"publish","type":"product","link":"https:\/\/leitariadaquintadopaco.com\/lisboa\/produtos\/bolo-limao-e-coco\/","title":{"rendered":"BOLO LIM\u00c3O E C\u00d4CO"},"content":{"rendered":"<p>Lim\u00e3o e C\u00f4co e Chantilly da Leitaria<\/p>\n<p>Por favor encomendar com 15 dias de anteced\u00eancia da data de entrega pretendida.<\/p>\n","protected":false},"excerpt":{"rendered":"<p>Lim\u00e3o e C\u00f4co e Chantilly da Leitaria Por favor encomendar com 15 dias de anteced\u00eancia da data de entrega pretendida.<\/p>\n","protected":false},"featured_media":27676,"comment_status":"open","ping_status":"closed","template":"","meta":[],"product_brand":[],"product_cat":[619,331],"product_tag":[],"class_list":{"0":"post-27675","1":"product","2":"type-product","3":"status-publish","4":"has-post-thumbnail","6":"product_cat-bolos-3","7":"product_cat-bolos","9":"first","10":"instock","11":"shipping-taxable","12":"purchasable","13":"product-type-simple"},"_links":{"self":[{"href":"https:\/\/leitariadaquintadopaco.com\/lisboa\/wp-json\/wp\/v2\/product\/27675","targetHints":{"allow":["GET"]}}],"collection":[{"href":"https:\/\/leitariadaquintadopaco.com\/lisboa\/wp-json\/wp\/v2\/product"}],"about":[{"href":"https:\/\/leitariadaquintadopaco.com\/lisboa\/wp-json\/wp\/v2\/types\/product"}],"replies":[{"embeddable":true,"href":"https:\/\/leitariadaquintadopaco.com\/lisboa\/wp-json\/wp\/v2\/comments?post=27675"}],"wp:featuredmedia":[{"embeddable":true,"href":"https:\/\/leitariadaquintadopaco.com\/lisboa\/wp-json\/wp\/v2\/media\/27676"}],"wp:attachment":[{"href":"https:\/\/leitariadaquintadopaco.com\/lisboa\/wp-json\/wp\/v2\/media?parent=27675"}],"wp:term":[{"taxonomy":"product_brand","embeddable":true,"href":"https:\/\/leitariadaquintadopaco.com\/lisboa\/wp-json\/wp\/v2\/product_brand?post=27675"},{"taxonomy":"product_cat","embeddable":true,"href":"https:\/\/leitariadaquintadopaco.com\/lisboa\/wp-json\/wp\/v2\/product_cat?post=27675"},{"taxonomy":"product_tag","embeddable":true,"href":"https:\/\/leitariadaquintadopaco.com\/lisboa\/wp-json\/wp\/v2\/product_tag?post=27675"}],"curies":[{"name":"wp","href":"https:\/\/api.w.org\/{rel}","templated":true}]}}